0. Suppose 11 + 7 = -3*h - k, 0 = -d*k. Let s be 18/(-4)*4/h. What is the greatest common divisor of 27 and s?
3
Let b be (14 - 15) + (28 - 1). What is the greatest common divisor of 13 and b?
13
Suppose 0 = -4*x - 36 - 20. Let i be 808/9 + x/(-63). What is the greatest common factor of i and 10?
10
Suppose -58 = -6*m + 32. Calculate the greatest common factor of 120 and m.
15
Let c be (-13)/(26/(-136)) - 2. What is the greatest common divisor of 88 and c?
22
Let y(i) = -i**2 - 5*i + 2. Let w be y(-5). Suppose -56 - 4 = -3*p. Suppose t = -6 + p. Calculate the highest common factor of t and w.
2
Let s(y) = -y**3 + 7*y**2 + 4*y - 3. Let d be s(4). Let f(g) = -g - 1. Let a be f(-7). Suppose 5*n - d = -a. Calculate the highest common factor of n and 88.
11
Let q = -8 - -12. Let y = -14 + q. Let w be (-244)/y - 8/20. What is the greatest common divisor of 60 and w?
12
Suppose -4*z = 4*a - 292, 2*a + 20 = -3*a. What is the highest common factor of z and 11?
11
Suppose 3*u - 5 = 19. Let m(k) = -k**2 - 2*k + 4. Let n be m(-6). Let p = 32 + n. What is the highest common divisor of u and p?
4
Let c(u) = u**3 + 6*u**2 + u + 3. Let r be c(-3). Let m = r + -12. Calculate the greatest common factor of 5 and m.
5
Let b(x) = -17*x + 11. Let z be b(-5). What is the greatest common divisor of z and 24?
24
Suppose -r + 5 = 4*u, 5*r - 4*u - 2 + 1 = 0. Calculate the highest common factor of r and 10.
1
Let t = 184 + -100. What is the greatest common divisor of t and 7?
7
Let a(z) = z**3 + 8*z**2 + 10*z - 4. Let m be a(-8). Let l be (12/7)/((-8)/m). What is the highest common factor of 2 and l?
2
Let u = -298 - -496. What is the greatest common divisor of u and 18?
18
Suppose 0 = -3*m - m + 8, -3*m + 166 = -4*p. Let c = p - -60. Calculate the greatest common divisor of 5 and c.
5
Let k(z) = 9*z**3 + z**2 - 2*z + 3. Let b be k(2). Let j(v) = -4*v - 9. Let m be j(-6). What is the greatest common factor of b and m?
15
Suppose 2*v - 8 = 16. Let j(b) = b**3 + 6 + 8*b**2 + 9*b - 2*b**3 + 2*b**2. Let w be j(10). Calculate the highest common divisor of v and w.
12
Let g(j) = -j + 25. Let p be g(0). What is the highest common divisor of 5 and p?
5
Let d(o) = o**3 + 8*o**2 - 6*o - 4. Suppose 0*j - 24 = 3*j. Let p be d(j). Calculate the highest common factor of 22 and p.
22
Let x = -11 + 15. Let j be ((-38)/3)/((-1)/3). Let i = j - 26. Calculate the highest common divisor of x and i.
4
Suppose 0 = y - 6*y. Let q be 1 + -2*(-1 - y). Suppose 3*h + 27 = 4*h + q*j, -3*h + 5*j + 151 = 0. What is the greatest common divisor of h and 105?
21
Let v = -40 - -69. Suppose -4*o + 3*u = v, -u + 0 = 4*o + 17. Let m be 44/(-3)*(o + -7). What is the greatest common divisor of 16 and m?
16
Suppose 3*g = -g + 3*u, -4*g = -u + 8. Let q be -1*(-7 - (-6)/g). What is the greatest common divisor of 9 and q?
9
Suppose -6*c + c = -80. Let f be 47/2 - 3*(-2)/12. What is the greatest common factor of f and c?
8
Let c = 468 - 292. What is the greatest common factor of c and 16?
16
Suppose 44*l = 43*l + 6. Calculate the highest common divisor of 42 and l.
6
Suppose -15 = -j - 3*v, -2*v + 4*v = 2*j - 30. Calculate the greatest common divisor of 15 and j.
15
Let r be 18/5 - 6/10. Suppose -r*j - 3*t + 2*t = -11, 5*t = 3*j + 19. Calculate the greatest common divisor of 22 and j.
2
Let c(a) = 2*a**3 + 4*a**2 - 4. Let f be c(-5). Let b be 1/(f/(-153) - 1). Suppose 5*t - 117 = -32. What is the highest common factor of t and b?
17
Let m(i) = i**3 + 4*i**2 + i + 3. Let a be m(-2). Calculate the greatest common factor of 6 and a.
3
Let y = 28 - -3. Let l = y - 11. Calculate the highest common factor of l and 30.
10
Let s(i) = -i**2 - 9*i - 6. Let y(g) = 2*g**3 + 2*g**2 - 3*g - 2. Let z be y(-2). Let h be s(z). What is the greatest common divisor of h and 98?
14
Let k(a) = -a**3 + 8*a**2 + 9*a + 15. Let v be k(9). Suppose -4*h + 186 = 2*s, 2*s + s = 2*h - 81. Calculate the greatest common factor of v and h.
15
Suppose 0 = -r + 3 - 4. Let h(o) = -2*o**3 + o**2. Let u be h(r). Calculate the greatest common factor of 24 and u.
3
Suppose 0 = 5*t - 40 + 30. What is the greatest common factor of 22 and t?
2
Let g be -4*4*21/(-6). Let m = g + -14. Suppose -5*s = -4*u + 92 + 35, -2*u = -s - 59. What is the greatest common divisor of u and m?
14
Suppose 4*x - 16 - 1 = 3*d, -3*x + 2*d = -12. Let f(u) = 3*u. Let t be f(x). Calculate the highest common factor of 4 and t.
2
Let s = 33 - -2. Suppose -4*z = -8*z - u + 13, 2*u - 14 = -5*z. Suppose 0 = -2*a - 3*r - 2, -2*a - 3*a = z*r - 9. What is the highest common divisor of s and a?
5
Suppose -5*b + 725 = 5*p, b = -0*b - 2*p + 140. Suppose 4*o - 195 = -3*g, -138 - b = -4*g + 4*o. Calculate the highest common divisor of 23 and g.
23
Let d = -89 - -39. Suppose 0 = 2*z + 1 + 3. Let v be -2 + z + 2 - d. Calculate the greatest common divisor of v and 6.
6
Let c = 30 - 23. What is the highest common divisor of 91 and c?
7
Suppose -q + 5*q = 44. Suppose 0 = -5*k + 221 + 274. Calculate the greatest common factor of k and q.
11
Suppose -2*c = r - 6, -2*r + 10 + 14 = -2*c. Let z be (8/r)/((-1)/(-5)). Let v(s) = 5*s + 9. Let d be v(7). Calculate the greatest common divisor of d and z.
4
Suppose 0 = -4*b + 3*w + 267, -4*b + 3*w + 2*w = -277. Calculate the highest common divisor of b and 7.
7
Let m(d) = 5 - d - 3*d + d**2 - 3. Let p be m(4). Suppose -p*y = -4*y + 26. What is the highest common divisor of 26 and y?
13
Suppose -3*t - 2 = -5*t. Let q be (1*-3 - t)*6. Let v be ((-15)/(-4))/((-1)/q). Calculate the greatest common factor of v and 36.
18
Let w be (-8)/(1/(-1))*4. Let z(p) = -p**2 - 7*p - 8. Let o be z(-4). Calculate the highest common divisor of w and o.
4
Suppose 0 = 5*t - 7*t + 210. What is the highest common factor of t and 42?
21
Let s = 0 + 5. Let g(f) = f + 7. Let q be g(s). Suppose 4*n - 71 = -3*b, -4*b + 41 + q = -3*n. Calculate the highest common divisor of 68 and b.
17
Let d = 401 - 209. Suppose d = 5*a - a. Calculate the greatest common divisor of a and 6.
6
Let j(v) = v**3 - 11*v**2 + 2*v - 16. Let s be j(11). Suppose s*r = 3*r + 12. What is the greatest common divisor of r and 16?
4
Let m = 32 + -11. Let h(x) = -x**3 + 10*x**2 + 2. Let l be h(10). Let s(i) = 3*i + 1. Let b be s(l). What is the highest common factor of b and m?
7
Let s = -11 - -15. Suppose -s = 3*w - 37. What is the highest common divisor of w and 11?
11
Let x = -38 - -54. Let j be ((-4)/2)/((-4)/x). What is the highest common divisor of j and 8?
8
Let c = 0 + -7. Let h(u) = -u**2 - 7*u + 6. Let v be h(c). What is the greatest common factor of 42 and v?
6
Let z = -4 - -7. Suppose -z - 1 = -4*k. Let y = 18 + -13. What is the highest common divisor of y and k?
1
Let v = -11 + 17. Let h be (52/10)/(v/15). What is the greatest common divisor of h and 13?
13
Let q(g) = g**3 - 2*g**2 - 2*g - 5. Let r be q(5). Suppose 12*k - 37 = 83. Calculate the highest common divisor of k and r.
10
Let a be -2 - 0 - -16 - 2. Let s be (-344)/(-28) + 4/(-14). Calculate the highest common factor of a and s.
12
Let i(a) = 5*a - 9. Let o be i(4). Calculate the highest common divisor of o and 121.
11
Suppose 5*g = 3*c - 68 - 24, -2*g - 80 = -3*c. Let r = -8 + c. What is the greatest common factor of 64 and r?
16
Suppose 13 = -2*o - 3*y, -4*o + y - 5*y - 20 = 0. Let q be 2 + -9 + (2 - 0). Let p = o - q. What is the highest common divisor of 24 and p?
3
Let m = 160 + -106. What is the greatest common divisor of m and 6?
6
Let u(x) = -x**2 + 7*x + 1. Let d be u(7). Suppose 0 = 2*p - 2*n + d - 19, -4*p = -2*n - 44. What is the greatest common divisor of 65 and p?
13
Let x be (-20)/7*35/(-10). Let z = -3 + x. What is the greatest common factor of z and 35?
7
Suppose 5*k = 2*k + 84. What is the greatest common factor of k and 70?
14
Let t = 18 + -7. Calculate the highest common divisor of t and 88.
11
Suppose -5*k = 2*d - 320, -4*k - 3*d = -2*k - 117. What is the greatest common factor of 44 and k?
22
Suppose -3*d + 6 + 45 = 0. Calculate the highest common factor of d and 34.
17
Let n(m) = -m + 35. Let z be n(0). Calculate the highest common factor of 7 and z.
7
Let k(o) = o**3 - 15*o**2 + 13*o + 12. Let j be k(14). Let c be j/(-6) - 308/(-12). Let y = 530 - 348. What is the greatest common divisor of c and y?
26
Let z(i) = i + 12